{"id":416,"date":"2026-04-03T07:25:01","date_gmt":"2026-04-03T05:25:01","guid":{"rendered":"https:\/\/appareil-photo-argentique.com\/?page_id=416"},"modified":"2026-04-03T14:02:32","modified_gmt":"2026-04-03T12:02:32","slug":"problematiques-liees-a-la-maintenance-du-patrimoine-photographique-du-xxe-siecle","status":"publish","type":"page","link":"https:\/\/appareil-photo-argentique.com\/index.php\/problematiques-liees-a-la-maintenance-du-patrimoine-photographique-du-xxe-siecle\/","title":{"rendered":"Probl\u00e9matiques li\u00e9es \u00e0 la maintenance du patrimoine photographique du XXe si\u00e8cle."},"content":{"rendered":"\n<p><\/p>\n\n\n\n<p><\/p>\n\n\n\n<p class=\"has-drop-cap\"><strong>La maintenance du patrimoine photographique,<\/strong> vieux de 40 \u00e0 60 ans ou plus, est li\u00e9e \u00e0 certaines <strong>contraintes<\/strong>. Les conditions de stockage, telles que l&#8217;humidit\u00e9, la chaleur, ou le fait de le stocker arm\u00e9 ou non, vont avoir un impact sur le vieillissement de ses composants : mousses qui se d\u00e9gradent, composants \u00e9lectroniques d\u00e9fectueux, plastiques cassants, attaque du verre par des champignons, ass\u00e8chement des graisses, des huiles et des caoutchoucs, \u00e9volution de la raideur des ressorts&#8230;<\/p>\n\n\n\n<h3 class=\"wp-block-heading\"><strong>Les obturateurs<\/strong><\/h3>\n\n\n\n<p>M\u00eame s&#8217;il peut y avoir du mat\u00e9riel tr\u00e8s ancien en tr\u00e8s bon \u00e9tat de conservation, il arrive que l&#8217;esth\u00e9tique de l&#8217;appareil n&#8217;ait pas forc\u00e9ment de lien avec sa pr\u00e9cision potentielle. En cas de doute, <strong>pour obtenir les r\u00e9sultats les plus pr\u00e9cis<\/strong>, il est recommand\u00e9 de se cantonner \u00e0 la deuxi\u00e8me vitesse la plus rapide afin de limiter les d\u00e9rives li\u00e9es \u00e0 un probl\u00e8me de calibration ou au vieillissement de l&#8217;obturateur (1\/500e sur un appareil autorisant le 1\/1000e pour un usage en diapositives, par exemple). En effet, <strong>les tol\u00e9rances standard<\/strong>, de l&#8217;ordre de 1\/4 ou 1\/3 de valeur, sont <strong>plus difficiles \u00e0 tenir lorsque l&#8217;on monte en performances<\/strong>. Si cela est g\u00e9n\u00e9ralement rattrapable sur un obturateur autorisant le 1\/1000e, il peut subsister, apr\u00e8s calibrage, des \u00e9carts \u00e0 la norme sur un obturateur vieillissant. Pour cette raison, les appareils que nous proposons sont not\u00e9s sur l&#8217;esth\u00e9tique, mais \u00e9galement sur la pr\u00e9cision m\u00e9canique.<\/p>\n\n\n\n<p><strong>Les vitesses tr\u00e8s rapides <\/strong>(1\/2000, 1\/4000, 1\/8000), n\u00e9cessitant une pr\u00e9cision extr\u00eame, de l&#8217;ordre d&#8217;une ou deux d\u00e9cimales apr\u00e8s la milliseconde, peuvent \u00eatre particuli\u00e8rement sujettes \u00e0 la d\u00e9rive. Cela est notable sur des appareils sortis \u00e0 la fin des ann\u00e9es 1980, avec des obturateurs tr\u00e8s v\u00e9loces. La valeur ajout\u00e9e des Nikon FM2 (1981-2001), par rapport aux Nikon FM (1977-1982), r\u00e9side notamment dans leur capacit\u00e9 \u00e0 atteindre le 1\/4000e. <strong>Cet avantage devient relatif <\/strong>lorsque l&#8217;usure mat\u00e9rielle (fatigue m\u00e9canique et relaxation des contraintes) rend parfois <strong>difficile le respect des tol\u00e9rances acceptables \u00e0 1\/4000e. <\/strong>Cela peut relativiser l&#8217;\u00e9cart de prix \u00e0 l&#8217;achat entre ces appareils. Un FM2 devrait toutefois conserver un avantage quant \u00e0 sa pr\u00e9cision au 1\/1000e par rapport \u00e0 un Nikon FM, sans pour autant que ce dernier ne soit inutilisable \u00e0 cette vitesse.<\/p>\n\n\n\n<p><strong>En ce qui concerne les appareils \u00e0 obturateur central,<\/strong> si la conception est radicalement diff\u00e9rente, le probl\u00e8me li\u00e9 \u00e0 l&#8217;affaiblissement des ressorts demeure. La courbe d&#8217;exposition en fonction des vitesses, sur un obturateur Compur ou Copal, pourra surexposer de deux tiers de diaphragme \u00e0 la vitesse la plus rapide, et d&#8217;un tiers de diaphragme \u00e0 la deuxi\u00e8me vitesse la plus rapide. A ce sujet, la philosophie de l&#8217;atelier est volontairement conservatrice par d\u00e9faut : nous privil\u00e9gions les interventions <strong>r\u00e9versibles<\/strong>, en acceptant un l\u00e9ger \u00e9cart document\u00e9, plut\u00f4t que de modifier de mani\u00e8re irr\u00e9versible les caract\u00e9ristiques m\u00e9caniques d\u2019origine.<\/p>\n\n\n\n<p><strong>L&#8217;\u00e9volution de la technique <\/strong>fait qu&#8217;il est parfois illusoire d&#8217;esp\u00e9rer retrouver les m\u00eames performances sur un Leica II, con\u00e7u avec les moyens et les contraintes de 1932, et vieux de 90 ans, par rapport \u00e0 un Ricoh KR-10, bien moins prestigieux mais ayant la moiti\u00e9 de son \u00e2ge. Le b\u00e9n\u00e9fice de la \u00ab jeunesse \u00bb joue \u00e0 la fois sur l&#8217;usure m\u00e9canique et sur les innovations techniques lors du d\u00e9veloppement de l&#8217;appareil (telles que l&#8217;obturateur \u00e0 lamelles \u00e0 d\u00e9filement vertical).<\/p>\n\n\n\n<p><strong>Il existe toutefois des exceptions notables.<\/strong> La premi\u00e8re est la diff\u00e9rence de nature entre l&#8217;\u00e9lectronique et la m\u00e9canique. Les composants \u00e9lectroniques vieillissent moins bien que la microm\u00e9canique et constituent souvent le goulet d&#8217;\u00e9tranglement en termes de pi\u00e8ces d\u00e9tach\u00e9es disponibles.<\/p>\n\n\n\n<p>Le second point est <strong>l&#8217;antagonisme entre robustesse et performance<\/strong>, mis en lumi\u00e8re par <a href=\"https:\/\/www.sator.fr\/professeurs\/olivier-hamant\" data-type=\"link\" data-id=\"https:\/\/www.sator.fr\/professeurs\/olivier-hamant\">Olivier Hamant<\/a>. Un appareil tr\u00e8s performant (aux vitesses tr\u00e8s rapides et \u00e0 la mesure de lumi\u00e8re tr\u00e8s sophistiqu\u00e9e) sera souvent victime de <strong>sur-ing\u00e9nierie <\/strong>: il vieillira moins bien et aura une r\u00e9parabilit\u00e9 plus faible qu&#8217;un appareil limit\u00e9 au 1\/1000e avec une cellule CDS classique. Ce dernier sera plus robuste et <strong>plus facilement r\u00e9parable<\/strong> sur le long, voire le tr\u00e8s long terme. Or, cela n&#8217;est pas \u00e0 n\u00e9gliger dans un contexte o\u00f9 les appareils que nous utilisons ont, dans le meilleur des cas, une vingtaine d&#8217;ann\u00e9es.<\/p>\n\n\n\n<p>De plus, <strong>la cote d&#8217;un appareil<\/strong> est souvent li\u00e9e \u00e0 ses performances. Les probl\u00e8mes de r\u00e9parabilit\u00e9 sur ces appareils tr\u00e8s performants finiront par renforcer la sp\u00e9culation sur leur cote. La difficult\u00e9 des r\u00e9parations impactera, ann\u00e9e apr\u00e8s ann\u00e9e, le nombre d&#8217;appareils disponibles, en augmentant le prix des pi\u00e8ces d\u00e9tach\u00e9es.<\/p>\n\n\n\n<h3 class=\"wp-block-heading\"><strong>Le cas de Leica est int\u00e9ressant :<\/strong><\/h3>\n\n\n\n<ul class=\"wp-block-list\">\n<li>Les <strong>Minilux<\/strong> sont symptomatiques d&#8217;appareils point-and-shoot tr\u00e8s haut de gamme avec des circuits \u00e9lectroniques vieillissants (cas de fissures dans les nappes \u00e9lectroniques dues au support en Kapton vieillissant, comme dans beaucoup de zooms autofocus sollicitant la nappe \u00e0 chaque extension de l&#8217;objectif).<\/li>\n\n\n\n<li>Les <strong>Leica R<\/strong> ont suivi une logique de performance avec beaucoup de sur-ing\u00e9nierie contre-productive, rendant le d\u00e9montage et le remontage d\u00e9licats, ainsi qu&#8217;un recours croissant \u00e0 l&#8217;\u00e9lectronique.<\/li>\n\n\n\n<li>Les <strong>Leica M<\/strong> ont conserv\u00e9 une ligne simple et robuste, avec des obturateurs limit\u00e9s au 1\/1000e et une mesure de lumi\u00e8re simple, ce qui facilite la maintenance et l&#8217;entretien. Seul demeure le probl\u00e8me de la disponibilit\u00e9 des pi\u00e8ces d\u00e9tach\u00e9es.<\/li>\n\n\n\n<li>Les <strong>Leica vissants <\/strong>partagent cette philosophie, encore plus simples et robustes que les M. Toutefois, certains appareils commencent \u00e0 s\u00e9rieusement prendre de l&#8217;\u00e2ge, ce qui n\u00e9cessite des interventions souvent plus pouss\u00e9es (changement des rideaux, souvent remplacement des ressorts d&#8217;obturateur \u00e9galement). En revanche, les pi\u00e8ces d\u00e9tach\u00e9es sont plus faciles \u00e0 trouver.<\/li>\n<\/ul>\n\n\n\n<p>On retrouve la m\u00eame philosophie dans <strong>le syst\u00e8me Hasselblad <\/strong>que dans les <strong>Leica M<\/strong>, en termes de simplicit\u00e9 et de robustesse m\u00e9canique, ainsi qu&#8217;e&#8217;en terme de co\u00fbt et de disponibilit\u00e9 des pi\u00e8ces.<\/p>\n\n\n\n<h3 class=\"wp-block-heading\"><strong>Les pi\u00e8ces d\u00e9tach\u00e9es<\/strong><\/h3>\n\n\n\n<p>Le dernier point critique concerne la disponibilit\u00e9 des pi\u00e8ces d\u00e9tach\u00e9es.<\/p>\n\n\n\n<p>Lorsqu&#8217;<strong>un appareil neuf<\/strong> arrive sur le march\u00e9, les marques disposent de toutes les pi\u00e8ces d\u00e9tach\u00e9es, en moyenne <strong>jusqu&#8217;\u00e0 cinq ans apr\u00e8s la sortie d&#8217;usine <\/strong>du dernier appareil. Apr\u00e8s cela, ils sont consid\u00e9r\u00e9s comme \u00ab non r\u00e9parables \u00bb. Le reflex num\u00e9rique Nikon D750, remplac\u00e9 en janvier 2020, serait donc aujourd&#8217;hui officiellement irr\u00e9parable.<\/p>\n\n\n\n<p>Imaginez ce qu&#8217;il en est d&#8217;appareils ayant <strong>au minimum 25 ans d&#8217;\u00e2ge&#8230;<\/strong> Pour les ateliers de r\u00e9paration d&#8217;appareils photo argentiques, <strong>la question des pi\u00e8ces d\u00e9tach\u00e9es est cruciale. <\/strong>Les pi\u00e8ces neuves sont bien \u00e9videmment inexistantes et, dans le meilleur des cas, quelques lots de pi\u00e8ces d&#8217;origine (ayant \u00e9galement vieilli) subsistent encore \u00e7\u00e0 et l\u00e0, avec en g\u00e9n\u00e9ral de larges manques parmi les centaines de pi\u00e8ces composant un appareil.<\/p>\n\n\n\n<p><strong>Statistiquement,<\/strong> les pannes surviennent r\u00e9guli\u00e8rement sur <strong>les m\u00eames points faibles.<\/strong> Par cons\u00e9quent, m\u00eame si un atelier est bien approvisionn\u00e9 pour un mod\u00e8le en particulier, les pannes r\u00e9currentes sollicitant une pi\u00e8ce sp\u00e9cifique peuvent rapidement \u00e9puiser le stock.<\/p>\n\n\n\n<p>M\u00eame si l&#8217;atelier est bien approvisionn\u00e9 en d&#8217;autres pi\u00e8ces concernant cet appareil, la p\u00e9nurie de ces pi\u00e8ces sp\u00e9cifiques peut devenir probl\u00e9matique (les rideaux d&#8217;obturateur \u00ab \u00e0 nid d&#8217;abeille \u00bb des Nikon FM2, souvent victimes du syndrome du \u00ab doigt dans l&#8217;obturateur \u00bb, deviennent difficiles \u00e0 trouver, par exemple). \u00c0 l&#8217;atelier, nous avons un certain nombre de pi\u00e8ces d\u00e9tach\u00e9es d&#8217;usine (dont Leica et Minox), mais dans la grande majorit\u00e9 des cas, nous disposons surtout d&#8217;un large stock d&#8217;appareils pour pi\u00e8ces, sur lesquels nous pr\u00e9levons les \u00e9l\u00e9ments n\u00e9cessaires.<\/p>\n\n\n\n<h3 class=\"wp-block-heading\"><strong>Conclusion<\/strong><\/h3>\n\n\n\n<p>En conclusion, le conseil \u00e0 quelqu&#8217;un cherchant un appareil photo argentique p\u00e9renne, r\u00e9parable encore pour la prochaine g\u00e9n\u00e9ration, serait le suivant :<\/p>\n\n\n\n<ul class=\"wp-block-list\">\n<li><strong>Privil\u00e9gier une fiche technique classique<\/strong>, dont la technologie est \u00e9prouv\u00e9e, plut\u00f4t qu&#8217;un appareil trop performant qui sera difficile \u00e0 maintenir.<\/li>\n\n\n\n<li>Hormis les Leica M et les Hasselblad, <strong>\u00e9viter les appareils dont la cote s&#8217;envole, <\/strong>particuli\u00e8rement s&#8217;ils datent des ann\u00e9es 2000 et qu&#8217;ils sont bas\u00e9s sur l&#8217;\u00e9lectronique. Pour Leica et Hasselblad, prendre en consid\u00e9ration que la disponibilit\u00e9 des pi\u00e8ces d\u00e9tach\u00e9es rendra de toute fa\u00e7on la maintenance co\u00fbteuse.<\/li>\n\n\n\n<li>En ce qui concerne <strong>les moyens formats<\/strong>, tels que le Mamiya 645, qui existent en version \u00ab r\u00e9cente \u00bb autofocus et en version ancienne 100 % m\u00e9canique, privil\u00e9gier la version ancienne.<\/li>\n<\/ul>\n\n\n\n<p style=\"font-size:14px\">Et enfin, pour une machine \u00e2g\u00e9e de 20 \u00e0 40 ans n&#8217;ayant jamais \u00e9t\u00e9 ouverte depuis sa sortie d&#8217;usine, notez dans un coin de votre t\u00eate qu&#8217;il faudra tr\u00e8s probablement la faire r\u00e9viser un jour ou l&#8217;autre&#8230;<br><br><br><\/p>\n\n\n\n<p><\/p>\n","protected":false},"excerpt":{"rendered":"<p>La maintenance du patrimoine photographique, vieux de 40 \u00e0 60 ans ou plus, est li\u00e9e \u00e0 certaines contraintes. Les conditions de stockage, telles que l&#8217;humidit\u00e9, la chaleur, ou le fait de le stocker arm\u00e9 ou non, vont avoir un impact sur le vieillissement de ses composants : mousses qui se d\u00e9gradent, composants \u00e9lectroniques d\u00e9fectueux, plastiques &hellip; <\/p>\n<p class=\"link-more\"><a href=\"https:\/\/appareil-photo-argentique.com\/index.php\/problematiques-liees-a-la-maintenance-du-patrimoine-photographique-du-xxe-siecle\/\" class=\"more-link\">Continue reading<span class=\"screen-reader-text\"> &#8220;Probl\u00e9matiques li\u00e9es \u00e0 la maintenance du patrimoine photographique du XXe si\u00e8cle.&#8221;<\/span><\/a><\/p>\n","protected":false},"author":1,"featured_media":0,"parent":0,"menu_order":0,"comment_status":"closed","ping_status":"closed","template":"","meta":{"footnotes":""},"class_list":["post-416","page","type-page","status-publish","hentry"],"_links":{"self":[{"href":"https:\/\/appareil-photo-argentique.com\/index.php\/wp-json\/wp\/v2\/pages\/416","targetHints":{"allow":["GET"]}}],"collection":[{"href":"https:\/\/appareil-photo-argentique.com\/index.php\/wp-json\/wp\/v2\/pages"}],"about":[{"href":"https:\/\/appareil-photo-argentique.com\/index.php\/wp-json\/wp\/v2\/types\/page"}],"author":[{"embeddable":true,"href":"https:\/\/appareil-photo-argentique.com\/index.php\/wp-json\/wp\/v2\/users\/1"}],"replies":[{"embeddable":true,"href":"https:\/\/appareil-photo-argentique.com\/index.php\/wp-json\/wp\/v2\/comments?post=416"}],"version-history":[{"count":15,"href":"https:\/\/appareil-photo-argentique.com\/index.php\/wp-json\/wp\/v2\/pages\/416\/revisions"}],"predecessor-version":[{"id":435,"href":"https:\/\/appareil-photo-argentique.com\/index.php\/wp-json\/wp\/v2\/pages\/416\/revisions\/435"}],"wp:attachment":[{"href":"https:\/\/appareil-photo-argentique.com\/index.php\/wp-json\/wp\/v2\/media?parent=416"}],"curies":[{"name":"wp","href":"https:\/\/api.w.org\/{rel}","templated":true}]}}